 divisor of q and 49.
7
Let v = 2 - -1. Let j = 3 + 0. Suppose -v*f = -5*h + 55, h - 11 = -5*f + j*f. Calculate the highest common divisor of 11 and h.
11
Let p be (20/8)/(1/2). Suppose -p*w = -w - 16. Calculate the highest common divisor of w and 1.
1
Let f be 16*((-15)/(-6) + -2). Calculate the greatest common divisor of f and 72.
8
Let g = 12 - -5. Calculate the greatest common factor of 34 and g.
17
Suppose -21 = o - 4*o. Let t = 0 + 1. Let n(w) = 62*w**3 + w. Let y be n(t). What is the highest common factor of o and y?
7
Let o be (-10)/(-50) - (1 - 29/5). Let s = 4 + 0. Suppose -4*j = -s*h + 156, -h + 3*j + 32 + 5 = 0. Calculate the greatest common factor of h and o.
5
Let p(w) = 21*w + 3. Let n be p(4). Calculate the highest common divisor of n and 29.
29
Suppose 0 = -5*q + 4*q + 45. Suppose -2*n - 3 = -33. What is the greatest common factor of q and n?
15
Suppose 0 = o - 5, -3*g + 7*o = 4*o + 3. Calculate the greatest common factor of 8 and g.
4
Suppose 30 = 3*p + 3*i, 5*i - 14 = 2*p + 1. Let d be 144/3 + 3/(-1). Calculate the greatest common divisor of d and p.
5
Let u(q) = 5*q. Let s be u(4). Suppose -9 = -3*l + 3*v + 27, 0 = v + 2. Calculate the highest common factor of s and l.
10
Let a(h) = -2*h - 6. Let w be a(-3). Suppose 3*k + 5*l - 76 = 0, 5*k + w*l + l - 90 = 0. What is the highest common factor of 170 and k?
17
Let x be ((-28)/(-6))/((-7)/((-189)/6)). Calculate the highest common divisor of 14 and x.
7
Let l be 2/5 + 108/5. Let w be (2 - -9)*18/2. Suppose 7*s - w = 4*s. What is the highest common factor of l and s?
11
Let z = 11 + -10. What is the highest common factor of 11 and z?
1
Let f(v) be the third derivative of v**4/12 - v**3/3 + 2*v**2. Let r be f(8). What is the greatest common factor of r and 112?
14
Let n(g) = 4*g**2 + g - 2. Let m = 3 - 1. Let s be n(m). Suppose 5*t = t - 4*d - 8, -2*t - s = 5*d. Calculate the greatest common factor of 8 and t.
2
Let b be 10 + -3 + -3 + -3. Let p be 1953/27 - b/3. Let q be (1 - 0) + (10 - -1). Calculate the greatest common factor of q and p.
12
Suppose 0 = 4*m - 24 - 28. Let b = -7 - -26. Let u = 32 - b. Calculate the greatest common divisor of m and u.
13
Let g = 11 - 6. Let j = 10 - g. Suppose -j*p + 86 = -p - 2*k, -2*p + 2*k + 42 = 0. Calculate the greatest common divisor of 55 and p.
11
Let i = -48 - -219. What is the highest common factor of 19 and i?
19
Let k(o) = 0*o**2 - 2 - 3*o**2 - 3*o + 6*o**2. Let m be k(-5). Calculate the greatest common divisor of 8 and m.
8
Suppose -3*l - 30 - 69 = -4*i, -5*i + 115 = 5*l. What is the greatest common factor of 16 and i?
8
Suppose -22 = -3*z + 2*z. Let w(k) be the second derivative of -19*k**3/3 + 4*k**2 - 10*k. Let q be w(-5). Calculate the greatest common divisor of q and z.
22
Suppose -4*o + 5*o = 22. Calculate the greatest common divisor of o and 176.
22
Let f(v) = v**3 - 11*v**2 + 10*v - 1. Let l be f(10). Let x be l*7*8/(-4). Calculate the greatest common divisor of x and 7.
7
Let a be 119/21 - (-4)/(-6). Let l(w) = 2*w + 5 + 0 - 3*w. Let h be l(0). Calculate the greatest common divisor of a and h.
5
Let j = 3 - 6. Let z(f) = 2*f**2 - 3*f**2 + 3*f**2 - 3. Let d be z(j). What is the highest common factor of d and 75?
15
Suppose 0*g = g + 45. Let r = g - -165. Let n = r + -63. What is the greatest common factor of 38 and n?
19
Suppose -5*r = -r - 72. Let d be (-12)/10 - (-18924)/95. Calculate the greatest common factor of r and d.
18
Let t(g) = -g**3 + 33*g**2 - 63*g + 43. Let s be t(31). Let o = 58 + -22. What is the greatest common divisor of s and o?
12
Suppose -m + 1 = -19. What is the greatest common factor of m and 8?
4
Let f be (-6)/(-27) - (-136)/36. What is the highest common divisor of f and 32?
4
Let s be ((-24)/(-16))/((-1)/18). Let q = 43 + s. What is the highest common divisor of q and 8?
8
Let j = 10 + 1. Calculate the highest common divisor of 11 and j.
11
Suppose 3*v = -5*h + 258 + 146, 2*v + 5*h - 276 = 0. What is the greatest common factor of 16 and v?
16
Suppose -w + 29 = 3*u, -2*w + 109 = w - 2*u. Suppose 4*i - w = -4*x + 9, 3*x + i = 41. What is the highest common divisor of x and 3?
3
Suppose b - 5*g - 23 = 0, -b + 0*g + g + 11 = 0. Suppose w = 3 + b. Let k = -23 + 100. Calculate the greatest common factor of k and w.
11
Let b be ((-8)/20)/(1/(-320)). What is the greatest common factor of b and 16?
16
Let r be 184/(-32)*(5 + -1). Let g = 58 + r. Calculate the highest common factor of g and 5.
5
Let h(f) = -f**3 - 6*f**2 + 6*f + 2. Let m be h(-7). Let d be m/6*(-8)/(-6). What is the greatest common factor of d and 2?
2
Suppose -2*a + 5*m + 29 = 0, -2*a - 4*m - 10 = 3*a. Let x(j) = -5*j**2 + a - j**3 - 2*j - 2. Let v be x(-5). What is the highest common divisor of v and 90?
10
Suppose i + 2*d - 25 = 0, -d = 5*i + 2*d - 111. What is the highest common factor of i and 7?
7
Suppose -3*i - 24 = -6. Let r be -24*5*3/i. Suppose 5*p - r = -0*p. What is the highest common factor of 84 and p?
12
Let i be ((-5)/(-2))/((-15)/(-36)). What is the highest common divisor of 15 and i?
3
Let b(l) = -l**3 - 9*l**2 + 10*l + 9. Let t be b(-10). Suppose -a = -t + 1. What is the greatest common divisor of a and 8?
8
Let g = 23 - 72. Let l be g*(-4 + 3) + 1. What is the highest common factor of 10 and l?
10
Suppose g + 2*x + 1 = 0, 2*g + 25 = 3*x + 9. Let k(a) = a**2 - a - 2. Let p be k(g). Let t = -16 + p. What is the highest common factor of 36 and t?
12
Let s(q) = -5*q. Let w be ((-6)/(-4))/(1/(-2)). Let u be s(w). What is the highest common divisor of 6 and u?
3
Let a = -9 - -13. Suppose -5*t + 3*o - 11 = -151, 28 = t + 3*o. Suppose -3*i = -a*i + t. Calculate the greatest common divisor of i and 7.
7
Suppose 0 = -7*r + 5 + 51. Calculate the greatest common factor of r and 4.
4
Suppose 0*d = 2*d. Suppose i = -d*i - 2*k + 16, -3*i - 4*k = -46. What is the greatest common factor of 112 and i?
14
Suppose 0 = -2*l - 0*l + 4*b + 34, 4*l + b = 41. Let z(h) = 12*h + 2. Let t be z(-3). Let s = -1 - t. What is the greatest common divisor of l and s?
11
Let x(z) = z**2 + 6*z - 1. Let g be x(-8). What is the highest common divisor of g and 105?
15
Suppose r = 2*c + 7, 0 + 6 = 3*c + 4*r. Let v be (-9)/c + 1/(-2). Calculate the greatest common divisor of v and 44.
4
Let z(c) = -c + 216. Let q be z(0). What is the highest common factor of q and 24?
24
Let c(r) = r**3 + 6*r**2 + 2. Let o be c(-6). Let g(t) = o*t**2 - 2*t**2 - 8 + t**2 + 2*t. Let d be g(-6). Calculate the highest common factor of 16 and d.
16
Let l = -2 - -5. Let n(b) = b**3 - 3*b**2 + 5*b - 2. Let p be n(l). Calculate the highest common divisor of 13 and p.
13
Let u be (-1659)/(-18) + 4/(-24). Suppose -3*f = 4*c - 2*c - u, -5*c + 111 = 4*f. What is the greatest common factor of f and 17?
17
Suppose 7*r - 9*r = -96. Calculate the greatest common factor of r and 80.
16
Let o(r) = r**3 - 10*r**2 + 8*r + 8. Let f be o(9). Let q(n) = 7*n**2 - 2*n - 1. Let j be q(f). What is the greatest common factor of 8 and j?
8
Let d = 36 - 35. Calculate the highest common divisor of 9 and d.
1
Let p be (8 - (0 + 0)) + -2. Suppose -p*k + 2*k + 2*t + 76 = 0, 3*k + 5*t = 83. Let r = 19 + -5. What is the greatest common factor of k and r?
7
Let q(s) = -6*s - 4. Let b = -15 - -11. Let m be q(b). What is the greatest common factor of 8 and m?
4
Suppose 4*g + j = 2*j + 22, g = -4*j + 14. Suppose w - g*w - 15 = 0. Let f be (w/(-9))/(2/54). Calculate the highest common factor of f and 9.
9
Suppose -5*m + 2*m + 6 = 0. Let x(g) = g**3 + g**2 + 2*g - 2. Let d be x(1). Calculate the greatest common factor of m and d.
2
Let k = -81 + 126. Suppose -5*j + k = 3*b, j + b + 45 = 6*j. What is the highest common factor of 1 and j?
1
Suppose -3*k + 208 = 2*i, 2*k = 3*i + k - 334. Suppose -128*h + 220 = -123*h. Calculate the highest common divisor of i and h.
22
Let i(z) = -7*z**3 - 3*z**2 + 5*z + 4. Let l be i(-2). What is the highest common divisor of l and 2?
2
Suppose 5*t = -5*y + 25, 0*t - 5*y = 2*t - 10. Suppose t*a - 91 = 49. What is the greatest common divisor of 14 and a?
14
Suppose 2*b - 2*c + 4 = 0, 4*b + 7 = 2*b - c. Let u = -2 - b. Suppose h + u = 33. Calculate the highest common divisor of 48 and h.
16
Let f = -2 + 10. What is the greatest common divisor of 72 and f?
8
Let o = 2 - 2. Let w be (-20